uppose -464 = -21*t + 20*t. List the prime factors of t.
2, 29
Let o be -6*-2*(-2)/(-12). Suppose -2*y - 2 = -4*y. Suppose 0 = -h + o + y. List the prime factors of h.
3
Suppose -2*k = -3*l + 6*l - 6602, -3*l + 6590 = -k. List the prime factors of l.
2, 7, 157
Suppose 59*m = 44*m + 10245. List the prime factors of m.
683
What are the prime factors of (-12 + (-8)/4)/((-6)/1119)?
7, 373
Suppose -5*z + 105 = -4*g, -3*z = 4*g + 14 + 51. Let j = -11 - g. Suppose -9 = j*n - 10*n. List the prime factors of n.
3
Suppose 55 - 5 = 5*y. Suppose y*q = 16*q - 420. List the prime factors of q.
2, 5, 7
Suppose -r + 0*r + 12 = 0. Let x be (r/7)/(2/7). Suppose g = x*g - 40. What are the prime factors of g?
2
Suppose -90*n + 94*n = 1116. List the prime factors of n.
3, 31
Let j be -7 + (-10 - -9)/(5/(-490)). Suppose 4*k = 7 - 159. Let a = k + j. List the prime factors of a.
53
Let u(i) = 65*i**2 + i - 3. Let d be u(-2). Let s = d - 159. List the prime factors of s.
2, 3
Let z be 3 + (-5 - -3) + 3. Suppose -z*a + a + 18 = 0. List the prime factors of a.
2, 3
List the prime factors of (-1 + -1)/(34/(-4029)).
3, 79
Let j be -8*3/6 - -14. Suppose 0 = 4*u + u + 75. What are the prime factors of (-21)/2*j/u?
7
Suppose -2*k + 0*k = 3*o - 1, 4*k - o = 23. Suppose -4*p - 2 = x, 3*x - 6*p = -k*p + 20. Let c = x + -4. List the prime factors of c.
2
Suppose -6*r + 36 = -3*r. What are the prime factors of (4/(-6))/(r/(-3132))?
2, 3, 29
Let c(a) = a**3 + 27*a**2 + 9*a - 83. What are the prime factors of c(-25)?
2, 3, 157
Let n = 415 - 229. Let v = -68 + n. List the prime factors of v.
2, 59
Suppose -3*m = -2481 - 8388. List the prime factors of m.
3623
Suppose -3*w - 207 = -m, -323 = -3*m - 2*w + 298. Suppose 0 = 2*b - f - 257, -2*b - 5*f + m = -20. List the prime factors of b.
2, 3, 7
Let v = 569 - 206. What are the prime factors of v?
3, 11
Suppose -4588 - 2228 = -8*q. What are the prime factors of q?
2, 3, 71
Suppose 36*y + 10300 = 46*y. List the prime factors of y.
2, 5, 103
Let b = -75 + 964. List the prime factors of b.
7, 127
Let n(h) = -8*h**2 - 1. Let d be n(-1). What are the prime factors of 24/d*78/(-4)?
2, 13
Suppose -7*b + 9*b - 164 = 0. Let y = b + -30. List the prime factors of y.
2, 13
Let t(k) = 8*k**2 + 198*k - 187*k + 1 + 5*k**2 + 2. What are the prime factors of t(-5)?
3, 7, 13
Suppose -4*i = -5*i - 5*s - 457, -i - s = 445. Let n = i - -665. List the prime factors of n.
223
Let x be ((-300)/18)/(2/(-57)). Suppose d - x = -4*d. Suppose 0 = 4*c + c - d. List the prime factors of c.
19
Let a be (-4)/6 - 1742/(-39). Let s = -15 + 20. Suppose -s*h = -h - a. What are the prime factors of h?
11
Let i be 0*(-4 - 28/(-8)). Suppose i*x = -5*x + 10. Suppose 2*m = 0, -l - x*l + 9 = 3*m. What are the prime factors of l?
3
Suppose 4*j = 2*j. Suppose 4*i + 4 - 52 = j. Suppose -4*b = -i - 72. What are the prime factors of b?
3, 7
Let n(i) = i**2 + 7*i - 3. Let u be n(-8). Suppose -u*b + 202 = -43. What are the prime factors of b?
7
Let g(u) = -u**3 - u**2 - 51*u - 66. What are the prime factors of g(-8)?
2, 5, 79
Let c(j) = 11*j - 1. Let k = -20 - -16. Let q be (6/k)/(9/(-6)). What are the prime factors of c(q)?
2, 5
List the prime factors of 1050 + 3*(3 + -2 + -3).
2, 3, 29
Let t(p) = 2*p**3 - 8*p**2 - p - 2. Let d be t(4). List the prime factors of (-7362)/(-108) - (-1)/d.
2, 17
Let n(t) = 2*t**3 + t**2 - t + 1. Let l be n(1). Suppose -3*w + w + 16 = 0. What are the prime factors of 2*(l + 3 + w)?
2, 7
Let s = 10 - 9. Let n(w) = 0 + 3*w + 0 - s. List the prime factors of n(6).
17
Suppose 2*o + 54 = 5*o. Let h = 28 + o. What are the prime factors of h?
2, 23
Suppose -263 = 4*c - 923. Suppose t - 6*t = -c. Suppose -94 = -4*k + 2*y, k - 8 = -3*y + t. What are the prime factors of k?
2, 13
What are the prime factors of (-10)/(-95) - 4936/(-38)?
2, 5, 13
Suppose -3*j + 13 = 4*q, 1 = -3*j + q + 24. Let h = -15 + j. Let r(l) = l**3 + 8*l**2 - 3*l. What are the prime factors of r(h)?
2, 3
Let s(v) = 5*v**3 + 5*v**2 + 17*v - 1. What are the prime factors of s(6)?
1361
Let t = -10 - -15. Let m = 38 + -42. What are the prime factors of ((-45)/6)/t*m?
2, 3
Suppose -2*p = 4*n - 530, 9*p + 392 = 3*n + 5*p. List the prime factors of n.
2, 3, 11
Let b(o) = -o**2 - 6. Let j(g) = g**2 - g + 7. Let l(q) = 7*b(q) + 6*j(q). Let z be l(-5). Suppose 0 = -z*k + 148 - 18. What are the prime factors of k?
2, 13
Let w = -16 + 7. Let h be w - -7 - 4/(-2). Suppose 2*f - 13 - 9 = -4*y, -5*y + 5*f - 10 = h. List the prime factors of y.
3
Suppose -w + 2*k - 3*k + 47 = 0, -2*w = k - 89. List the prime factors of w.
2, 3, 7
Let t = 69 - 77. List the prime factors of (692/t - 0)/(1/(-2)).
173
Suppose -4*g + 17 - 1 = m, 0 = -4*g - 3*m + 24. Let w be (1503/27)/((-1)/g). List the prime factors of 2/12 + w/(-6).
2, 7
Let m(w) = 30*w - 176. What are the prime factors of m(25)?
2, 7, 41
Suppose -9*h + 10718 = -1864. List the prime factors of h.
2, 3, 233
Let m be (4/5)/((-3)/(-705)). Suppose -5*s = -m - 67. List the prime factors of s.
3, 17
Let n = -43 + 3217. What are the prime factors of n?
2, 3, 23
Suppose -5*m - 266 = -3*y, 2*m = -5*y + 3*m + 414. Suppose -2*u + y = -2*n, -2*u + 71 + 39 = 5*n. List the prime factors of u.
3, 5
Let i(l) = 4*l + 170. List the prime factors of i(9).
2, 103
Let c(p) = 5*p**3 - 22*p**2 + 105*p - 12. What are the prime factors of c(7)?
2, 5, 17
Let c = 53 - 46. Suppose 0 = -c*r - 0*r + 525. List the prime factors of r.
3, 5
What are the prime factors of (24/(-5) - -1)/(24/(-13560))?
19, 113
Let q = -539 + 775. Suppose -104 - q = -5*s. Suppose -k - s = -3*d, 0 = -5*d - 2*k - 2*k + 136. What are the prime factors of d?
2, 3
Suppose 1743 = 4*c + q, 7 = 4*q + 11. List the prime factors of c.
2, 109
Let p = 57 - 55. Suppose 0 = 5*m - 5*l - 885, -p*l = 6*m - 4*m - 366. List the prime factors of m.
2, 3, 5
Let c = -4 - -11. Let q(i) = 8*i + c - 4 - 3*i. List the prime factors of q(3).
2, 3
Suppose -r + 0*r - 8 = 0. Let a be r/2*26/(-4). Suppose -3*w = -49 - a. What are the prime factors of w?
5
List the prime factors of ((-1)/(-2) - 478/(-8))*12.
3, 241
Suppose i = -4*m + 3468 - 204, -4*i + 2*m = -13146. What are the prime factors of i?
2, 821
Suppose 2*z = 2*q + 38, -z - 2*q = -6*q - 10. Suppose -2*j = -4*j + z. What are the prime factors of j?
11
Suppose 0 = m - 46 - 28. Let w = 117 - m. What are the prime factors of w?
43
Let i be 1 - 3414/10 - 22/(-55). Let z = -177 - i. List the prime factors of z.
163
Suppose 0 = 7*n + 657 + 1464. Let u = n + 458. What are the prime factors of u?
5, 31
Let w(s) = 74*s - 353. What are the prime factors of w(61)?
3, 19, 73
Let f be 10/2 + -1 + 5 + -2. Let s(u) = 26*u - 35. What are the prime factors of s(f)?
3, 7
Suppose -13*o + 7693 = -1056. What are the prime factors of o?
673
Suppose -u - 4 = -5. Let f(n) = u - 1 - 4*n + 9. List the prime factors of f(-6).
3, 11
Let n(h) = 4*h - 2. Let r(m) = 8*m - 5. Let a(b) = 5*n(b) - 2*r(b). Let j be a(2). Suppose j*l - 15 = 7*l. What are the prime factors of l?
3, 5
Let i(y) = y**2 - 7*y + 17. Let j be i(8). Let b = j - 75. What are the prime factors of (-375)/6*60/b?
3, 5
Let x(j) = -14*j - 32. Let v(r) = 5*r + 11. Let n(g) = 11*v(g) + 4*x(g). Let i be n(-8). Let q = 24 + i. List the prime factors of q.
5
Let v = -37 + 187. List the prime factors of v.
2, 3, 5
Suppose 3*u - b = 2033, -3*b + 461 = u - 200. List the prime factors of u.
2, 13
List the prime factors of (1 + 1)*635/10.
127
Suppose g = 4*n + 2*g - 16, 3*n - 35 = 5*g. Suppose 41 = 3*i + 4*f, -n*f - 96 = 3*i - 7*i. List the prime factors of i.
19
Suppose -5*x + 119 = -21. Let s(a) = -a + 5. Let d be s(3). Suppose -d*t + 24 = p + t, -x = -4*p + 5*t. What are the prime factors of p?
2, 3
Let f be (-12 - -2)/(7/((-21)/(-6))). Let m(p) = -2*p**3 - 6*p**2 + 7*p + 13. What are the prime factors of m(f)?
2, 3, 13
Let p = -58 + 7. Let k = p + 208. List the prime factors of k/6 - (-3)/(-18).
2, 13
Let r be (1 - 10/6)*-3. Suppose 5*b - 56 = -5*z + r*z, 0 = -3*b + 3. Let t = z + 4. List the prime factors of t.
3, 7
Suppose -2*f - w + 331 = 0, -2*f + 4*f = -4*w + 328. Suppose i + 23 = 4*o - f, 2*o - 92 = -2*i. List the prime factors of o.
47
Let c(u) = -10*u - 19. Let y(z) = -9*z - 18. Let t(r) = -4*c(r) + 3*y(r). List the prime factors of t(8).
2, 3, 